{"id":16,"date":"2020-10-14T03:42:50","date_gmt":"2020-10-14T03:42:50","guid":{"rendered":"https:\/\/acrofile.com\/?page_id=16"},"modified":"2020-10-31T00:53:02","modified_gmt":"2020-10-31T00:53:02","slug":"acrofile","status":"publish","type":"page","link":"https:\/\/acrofile.com\/","title":{"rendered":"Inicio"},"content":{"rendered":"<section class=\"av_textblock_section \"  itemscope=\"itemscope\" itemtype=\"https:\/\/schema.org\/CreativeWork\" ><div class='avia_textblock  av_inherit_color '  style='color:#e06608; '  itemprop=\"text\" ><h1>Asesor\u00eda 360 para personas y empresas que necesiten apoyo en el \u00e1rea administrativa, legal y financiera.<\/h1>\n<\/div><\/section>\n<\/div><\/div><\/div><!-- close content main div --><\/div><\/div><div id='full_slider_1'  class='avia-fullwidth-slider main_color avia-shadow  av-mini-hide  avia-builder-el-1  el_after_av_textblock  el_before_av_heading   slider-not-first container_wrap fullsize' style=' '  ><div   data-size='entry_without_sidebar'  data-lightbox_size='large'  data-animation='slide'  data-conditional_play=''  data-ids='19,21,237'  data-video_counter='0'  data-autoplay='true'  data-bg_slider='false'  data-slide_height=''  data-handle='av_slideshow_full'  data-interval='5'  data-class=' '  data-el_id=''  data-css_id=''  data-scroll_down=''  data-control_layout='av-control-default'  data-custom_markup=''  data-perma_caption=''  data-autoplay_stopper=''  data-image_attachment=''  data-min_height='0px'  data-lazy_loading='disabled'  data-src=''  data-position='top left'  data-repeat='no-repeat'  data-attach='scroll'  data-stretch=''  data-default-height='34.95867768595'  class='avia-slideshow avia-slideshow-1  av-control-default av-default-height-applied avia-slideshow-entry_without_sidebar av_slideshow_full   avia-slide-slider '  itemprop=\"image\" itemscope=\"itemscope\" itemtype=\"https:\/\/schema.org\/ImageObject\" ><ul class='avia-slideshow-inner ' style='padding-bottom: 34.95867768595%;' ><li  class=' slide-1 ' ><div data-rel='slideshow-1' class='avia-slide-wrap '   ><div class = \"caption_fullwidth av-slideshow-caption caption_bottom\"><div class = \"container caption_container\"><div class = \"slideshow_caption\"><div class = \"slideshow_inner_caption\"><div class = \"slideshow_align_caption\"><h2  class='avia-caption-title  '  itemprop=\"name\" >Servicios Jur\u00eddicos<\/h2><div class='avia-caption-content  '  itemprop=\"description\"  ><p>&#8211; Investigaci\u00f3n y limpieza de r\u00e9cord crediticio.<br \/>\n&#8211; Servicios jur\u00eddicos cl\u00e1sicos<\/p>\n<\/div><\/div><\/div><\/div><\/div><\/div><img decoding=\"async\" class=\"wp-image-19 avia-img-lazy-loading-not-19\"  src=\"https:\/\/acrofile.com\/wp-content\/uploads\/2020\/10\/1-1210x423.png\" width=\"1210\" height=\"423\" title='1' alt=''  itemprop=\"thumbnailUrl\"   \/><\/div><\/li><li  class=' slide-2 ' ><div data-rel='slideshow-1' class='avia-slide-wrap '   ><div class = \"caption_fullwidth av-slideshow-caption caption_bottom\"><div class = \"container caption_container\"><div class = \"slideshow_caption\"><div class = \"slideshow_inner_caption\"><div class = \"slideshow_align_caption\"><h2  class='avia-caption-title  '  itemprop=\"name\" >Servicios Administrativos<\/h2><div class='avia-caption-content  '  itemprop=\"description\"  ><p>&#8211; Reclutamiento de personal especializado<br \/>\n&#8211; Sistemas administrativos y contables<\/p>\n<\/div><\/div><\/div><\/div><\/div><\/div><img decoding=\"async\" class=\"wp-image-21 avia-img-lazy-loading-not-21\"  src=\"https:\/\/acrofile.com\/wp-content\/uploads\/2020\/10\/3-1210x423.png\" width=\"1210\" height=\"423\" title='3' alt=''  itemprop=\"thumbnailUrl\"   \/><\/div><\/li><li  class=' slide-3 ' ><div data-rel='slideshow-1' class='avia-slide-wrap '   ><div class = \"caption_fullwidth av-slideshow-caption caption_bottom\"><div class = \"container caption_container\"><div class = \"slideshow_caption\"><div class = \"slideshow_inner_caption\"><div class = \"slideshow_align_caption\"><h2  class='avia-caption-title  '  itemprop=\"name\" >Servicios Financieros<\/h2><div class='avia-caption-content  '  itemprop=\"description\"  ><p>&#8211; Reducci\u00f3n de costos, gastos e impuestos<br \/>\n&#8211; Outsourcing financiero contable<\/p>\n<\/div><\/div><\/div><\/div><\/div><\/div><img decoding=\"async\" class=\"wp-image-237 avia-img-lazy-loading-not-237\"  src=\"https:\/\/acrofile.com\/wp-content\/uploads\/2020\/10\/Slider-AcroFile-4-1210x423.png\" width=\"1210\" height=\"423\" title='Slider AcroFile (4)' alt=''  itemprop=\"thumbnailUrl\"   \/><\/div><\/li><\/ul><div class='avia-slideshow-arrows avia-slideshow-controls'><a href='#prev' class='prev-slide' aria-hidden='true' data-av_icon='\ue87c' data-av_iconfont='entypo-fontello'>Anterior<\/a><a href='#next' class='next-slide' aria-hidden='true' data-av_icon='\ue87d' data-av_iconfont='entypo-fontello'>Posterior<\/a><\/div><div class='avia-slideshow-dots avia-slideshow-controls'><a href='#1' class='goto-slide active' >1<\/a><a href='#2' class='goto-slide ' >2<\/a><a href='#3' class='goto-slide ' >3<\/a><\/div><\/div><\/div><div id='after_full_slider_1'  class='main_color av_default_container_wrap container_wrap fullsize' style=' '  ><div class='container' ><div class='template-page content  av-content-full alpha units'><div class='post-entry post-entry-type-page post-entry-16'><div class='entry-content-wrapper clearfix'>\n<div  style='padding-bottom:10px; color:#e06608;' class='av-special-heading av-special-heading-h3 custom-color-heading   avia-builder-el-2  el_after_av_slideshow_full  el_before_av_textblock  avia-builder-el-first  '><h3 class='av-special-heading-tag '  itemprop=\"headline\"  >\u00bfQui\u00e9nes somos?<\/h3><div class='special-heading-border'><div class='special-heading-inner-border' style='border-color:#e06608'><\/div><\/div><\/div>\n<section class=\"av_textblock_section \"  itemscope=\"itemscope\" itemtype=\"https:\/\/schema.org\/CreativeWork\" ><div class='avia_textblock  '   itemprop=\"text\" ><p>Somos un grupo de profesionales de diferentes disciplinas con amplia experiencia en las \u00e1reas de <strong>especializaci\u00f3n administrativa, jur\u00eddica y financiera.<\/strong><\/p>\n<\/div><\/section>\n<div  style='padding-bottom:10px; color:#e06608;' class='av-special-heading av-special-heading-h3 custom-color-heading   avia-builder-el-4  el_after_av_textblock  el_before_av_textblock  '><h3 class='av-special-heading-tag '  itemprop=\"headline\"  >\u00bfC\u00f3mo apoyamos a las empresas?<\/h3><div class='special-heading-border'><div class='special-heading-inner-border' style='border-color:#e06608'><\/div><\/div><\/div>\n<section class=\"av_textblock_section \"  itemscope=\"itemscope\" itemtype=\"https:\/\/schema.org\/CreativeWork\" ><div class='avia_textblock  '   itemprop=\"text\" ><p>En Acrofile, contamos con <strong>profesionales con m\u00e1s de 20 a\u00f1os de experiencia<\/strong> en diferentes industrias, que juntos pueden <strong>ayudarte al desarrollo y organizaci\u00f3n<\/strong> integral de tu necesidad, sea esta <strong>administrativa, financiera o jur\u00eddica<\/strong>, por lo cual tendr\u00e1s <strong>atenci\u00f3n personalizada<\/strong> en cualquier \u00e1rea sin necesidad de recurrir a varios profesionales.<\/p>\n<\/div><\/section>\n<div  style='padding-bottom:10px; color:#e06608;' class='av-special-heading av-special-heading-h3 custom-color-heading   avia-builder-el-6  el_after_av_textblock  el_before_av_textblock  '><h3 class='av-special-heading-tag '  itemprop=\"headline\"  >\u00bfA qui\u00e9nes apoyamos?<\/h3><div class='special-heading-border'><div class='special-heading-inner-border' style='border-color:#e06608'><\/div><\/div><\/div>\n<section class=\"av_textblock_section \"  itemscope=\"itemscope\" itemtype=\"https:\/\/schema.org\/CreativeWork\" ><div class='avia_textblock  '   itemprop=\"text\" ><p>Ayudamos a <strong>personas individuales o empresas<\/strong> que tengan retos en el \u00e1rea administrativa, legal y contable. Queremos ayudarles a hacer crecer sus negocios.<\/p>\n<\/div><\/section>\n<div   class='hr hr-default   avia-builder-el-8  el_after_av_textblock  el_before_av_button '><span class='hr-inner ' ><span class='hr-inner-style'><\/span><\/span><\/div>\n<div  class='avia-button-wrap avia-button-center  avia-builder-el-9  el_after_av_hr  avia-builder-el-last ' ><a href='https:\/\/acrofile.com\/?page_id=75'  class='avia-button  avia-color-theme-color  avia-font-color-theme-color  avia-icon_select-no avia-size-x-large avia-position-center '   ><span class='avia_iconbox_title' >Quiero una cotizaci\u00f3n<\/span><span class='avia_button_background avia-button avia-color-theme-color-highlight' ><\/span><\/a><\/div>\n","protected":false},"excerpt":{"rendered":"","protected":false},"author":1,"featured_media":0,"parent":0,"menu_order":0,"comment_status":"closed","ping_status":"closed","template":"","meta":{"footnotes":""},"yoast_head":"<!-- This site is optimized with the Yoast SEO plugin v15.4 - https:\/\/yoast.com\/wordpress\/plugins\/seo\/ -->\n<title>Inicio - Acrofile<\/title>\n<meta name=\"description\" content=\"Ayudamos a las empresas en el \u00e1rea jur\u00eddica, administrativa y financiera. Trabajamos tambi\u00e9n con personas individuales que requieran apoyo.\" \/>\n<meta name=\"robots\" content=\"index, follow, max-snippet:-1, max-image-preview:large, max-video-preview:-1\" \/>\n<link rel=\"canonical\" href=\"https:\/\/acrofile.com\/\" \/>\n<meta property=\"og:locale\" content=\"es_ES\" \/>\n<meta property=\"og:type\" content=\"article\" \/>\n<meta property=\"og:title\" content=\"Inicio - Acrofile\" \/>\n<meta property=\"og:description\" content=\"Ayudamos a las empresas en el \u00e1rea jur\u00eddica, administrativa y financiera. Trabajamos tambi\u00e9n con personas individuales que requieran apoyo.\" \/>\n<meta property=\"og:url\" content=\"https:\/\/acrofile.com\/\" \/>\n<meta property=\"og:site_name\" content=\"Acrofile\" \/>\n<meta property=\"article:modified_time\" content=\"2020-10-31T00:53:02+00:00\" \/>\n<meta name=\"twitter:card\" content=\"summary_large_image\" \/>\n<meta name=\"twitter:label1\" content=\"Escrito por\">\n\t<meta name=\"twitter:data1\" content=\"admin\">\n\t<meta name=\"twitter:label2\" content=\"Tiempo de lectura\">\n\t<meta name=\"twitter:data2\" content=\"5 minutos\">\n<script type=\"application\/ld+json\" class=\"yoast-schema-graph\">{\"@context\":\"https:\/\/schema.org\",\"@graph\":[{\"@type\":\"WebSite\",\"@id\":\"https:\/\/acrofile.com\/#website\",\"url\":\"https:\/\/acrofile.com\/\",\"name\":\"Acrofile\",\"description\":\"Compa\\u00f1\\u00eda de Servicios Administrativos, Legales y Financieros en Guatemala\",\"potentialAction\":[{\"@type\":\"SearchAction\",\"target\":\"https:\/\/acrofile.com\/?s={search_term_string}\",\"query-input\":\"required name=search_term_string\"}],\"inLanguage\":\"es\"},{\"@type\":\"WebPage\",\"@id\":\"https:\/\/acrofile.com\/#webpage\",\"url\":\"https:\/\/acrofile.com\/\",\"name\":\"Inicio - Acrofile\",\"isPartOf\":{\"@id\":\"https:\/\/acrofile.com\/#website\"},\"datePublished\":\"2020-10-14T03:42:50+00:00\",\"dateModified\":\"2020-10-31T00:53:02+00:00\",\"description\":\"Ayudamos a las empresas en el \\u00e1rea jur\\u00eddica, administrativa y financiera. Trabajamos tambi\\u00e9n con personas individuales que requieran apoyo.\",\"inLanguage\":\"es\",\"potentialAction\":[{\"@type\":\"ReadAction\",\"target\":[\"https:\/\/acrofile.com\/\"]}]}]}<\/script>\n<!-- \/ Yoast SEO plugin. -->","_links":{"self":[{"href":"https:\/\/acrofile.com\/index.php?rest_route=\/wp\/v2\/pages\/16"}],"collection":[{"href":"https:\/\/acrofile.com\/index.php?rest_route=\/wp\/v2\/pages"}],"about":[{"href":"https:\/\/acrofile.com\/index.php?rest_route=\/wp\/v2\/types\/page"}],"author":[{"embeddable":true,"href":"https:\/\/acrofile.com\/index.php?rest_route=\/wp\/v2\/users\/1"}],"replies":[{"embeddable":true,"href":"https:\/\/acrofile.com\/index.php?rest_route=%2Fwp%2Fv2%2Fcomments&post=16"}],"version-history":[{"count":34,"href":"https:\/\/acrofile.com\/index.php?rest_route=\/wp\/v2\/pages\/16\/revisions"}],"predecessor-version":[{"id":241,"href":"https:\/\/acrofile.com\/index.php?rest_route=\/wp\/v2\/pages\/16\/revisions\/241"}],"wp:attachment":[{"href":"https:\/\/acrofile.com\/index.php?rest_route=%2Fwp%2Fv2%2Fmedia&parent=16"}],"curies":[{"name":"wp","href":"https:\/\/api.w.org\/{rel}","templated":true}]}}